{"id":8249,"date":"2025-12-02T16:32:12","date_gmt":"2025-12-02T15:32:12","guid":{"rendered":"https:\/\/www.coemmo.com\/producto\/sac-biodegradable\/"},"modified":"2026-03-05T08:54:45","modified_gmt":"2026-03-05T07:54:45","slug":"sac-biodegradable","status":"publish","type":"producto","link":"https:\/\/www.coemmo.com\/fr\/produit\/sac-biodegradable\/","title":{"rendered":"Sac biod\u00e9gradable"},"featured_media":8250,"parent":0,"template":"","meta":{"_acf_changed":false,"neve_meta_sidebar":"","neve_meta_container":"","neve_meta_enable_content_width":"","neve_meta_content_width":0,"neve_meta_title_alignment":"","neve_meta_author_avatar":"","neve_post_elements_order":"","neve_meta_disable_header":"","neve_meta_disable_footer":"","neve_meta_disable_title":""},"sector":[],"tipo-de-caracteristica":[113],"tipo-de-material":[],"tipo-de-producto":[114],"class_list":["post-8249","producto","type-producto","status-publish","has-post-thumbnail","hentry","tipo-de-caracteristica-durables","tipo-de-producto-ecoproduits"],"acf":[],"yoast_head":"<!-- This site is optimized with the Yoast SEO plugin v27.4 - https:\/\/yoast.com\/product\/yoast-seo-wordpress\/ -->\n<title>Sac biod\u00e9gradable | COEMMO<\/title>\n<meta name=\"description\" content=\"Sac biod\u00e9gradable r\u00e9sistant et \u00e9cologique, id\u00e9al pour un usage commercial et domestique. Alternative durable pour r\u00e9duire l\u2019impact environnemental.\" \/>\n<meta name=\"robots\" content=\"index, follow, max-snippet:-1, max-image-preview:large, max-video-preview:-1\" \/>\n<link rel=\"canonical\" href=\"https:\/\/www.coemmo.com\/fr\/produit\/sac-biodegradable\/\" \/>\n<meta property=\"og:locale\" content=\"fr_FR\" \/>\n<meta property=\"og:type\" content=\"article\" \/>\n<meta property=\"og:title\" content=\"Sac biod\u00e9gradable | COEMMO\" \/>\n<meta property=\"og:description\" content=\"Sac biod\u00e9gradable r\u00e9sistant et \u00e9cologique, id\u00e9al pour un usage commercial et domestique. Alternative durable pour r\u00e9duire l\u2019impact environnemental.\" \/>\n<meta property=\"og:url\" content=\"https:\/\/www.coemmo.com\/fr\/produit\/sac-biodegradable\/\" \/>\n<meta property=\"og:site_name\" content=\"COEMMO\" \/>\n<meta property=\"article:modified_time\" content=\"2026-03-05T07:54:45+00:00\" \/>\n<meta property=\"og:image\" content=\"https:\/\/www.coemmo.com\/wp-content\/uploads\/2025\/12\/bolsa-biodegradable.jpg\" \/>\n\t<meta property=\"og:image:width\" content=\"1536\" \/>\n\t<meta property=\"og:image:height\" content=\"1024\" \/>\n\t<meta property=\"og:image:type\" content=\"image\/jpeg\" \/>\n<meta name=\"twitter:card\" content=\"summary_large_image\" \/>\n<script type=\"application\/ld+json\" class=\"yoast-schema-graph\">{\"@context\":\"https:\\\/\\\/schema.org\",\"@graph\":[{\"@type\":\"WebPage\",\"@id\":\"https:\\\/\\\/www.coemmo.com\\\/fr\\\/produit\\\/sac-biodegradable\\\/\",\"url\":\"https:\\\/\\\/www.coemmo.com\\\/fr\\\/produit\\\/sac-biodegradable\\\/\",\"name\":\"Sac biod\u00e9gradable | COEMMO\",\"isPartOf\":{\"@id\":\"https:\\\/\\\/www.coemmo.com\\\/fr\\\/#website\"},\"primaryImageOfPage\":{\"@id\":\"https:\\\/\\\/www.coemmo.com\\\/fr\\\/produit\\\/sac-biodegradable\\\/#primaryimage\"},\"image\":{\"@id\":\"https:\\\/\\\/www.coemmo.com\\\/fr\\\/produit\\\/sac-biodegradable\\\/#primaryimage\"},\"thumbnailUrl\":\"https:\\\/\\\/www.coemmo.com\\\/wp-content\\\/uploads\\\/2025\\\/12\\\/bolsa-biodegradable.jpg\",\"datePublished\":\"2025-12-02T15:32:12+00:00\",\"dateModified\":\"2026-03-05T07:54:45+00:00\",\"description\":\"Sac biod\u00e9gradable r\u00e9sistant et \u00e9cologique, id\u00e9al pour un usage commercial et domestique. Alternative durable pour r\u00e9duire l\u2019impact environnemental.\",\"breadcrumb\":{\"@id\":\"https:\\\/\\\/www.coemmo.com\\\/fr\\\/produit\\\/sac-biodegradable\\\/#breadcrumb\"},\"inLanguage\":\"fr-FR\",\"potentialAction\":[{\"@type\":\"ReadAction\",\"target\":[\"https:\\\/\\\/www.coemmo.com\\\/fr\\\/produit\\\/sac-biodegradable\\\/\"]}]},{\"@type\":\"ImageObject\",\"inLanguage\":\"fr-FR\",\"@id\":\"https:\\\/\\\/www.coemmo.com\\\/fr\\\/produit\\\/sac-biodegradable\\\/#primaryimage\",\"url\":\"https:\\\/\\\/www.coemmo.com\\\/wp-content\\\/uploads\\\/2025\\\/12\\\/bolsa-biodegradable.jpg\",\"contentUrl\":\"https:\\\/\\\/www.coemmo.com\\\/wp-content\\\/uploads\\\/2025\\\/12\\\/bolsa-biodegradable.jpg\",\"width\":1536,\"height\":1024,\"caption\":\"Sac biod\u00e9gradable et compostable pour usage alimentaire.\"},{\"@type\":\"BreadcrumbList\",\"@id\":\"https:\\\/\\\/www.coemmo.com\\\/fr\\\/produit\\\/sac-biodegradable\\\/#breadcrumb\",\"itemListElement\":[{\"@type\":\"ListItem\",\"position\":1,\"name\":\"Portada\",\"item\":\"https:\\\/\\\/www.coemmo.com\\\/fr\\\/accueil\\\/\"},{\"@type\":\"ListItem\",\"position\":2,\"name\":\"Sac biod\u00e9gradable\"}]},{\"@type\":\"WebSite\",\"@id\":\"https:\\\/\\\/www.coemmo.com\\\/fr\\\/#website\",\"url\":\"https:\\\/\\\/www.coemmo.com\\\/fr\\\/\",\"name\":\"COEMMO\",\"description\":\"Fabricamos soluciones de embalaje\",\"publisher\":{\"@id\":\"https:\\\/\\\/www.coemmo.com\\\/fr\\\/#organization\"},\"alternateName\":\"COEMMO Packaging\",\"potentialAction\":[{\"@type\":\"SearchAction\",\"target\":{\"@type\":\"EntryPoint\",\"urlTemplate\":\"https:\\\/\\\/www.coemmo.com\\\/fr\\\/?s={search_term_string}\"},\"query-input\":{\"@type\":\"PropertyValueSpecification\",\"valueRequired\":true,\"valueName\":\"search_term_string\"}}],\"inLanguage\":\"fr-FR\"},{\"@type\":\"Organization\",\"@id\":\"https:\\\/\\\/www.coemmo.com\\\/fr\\\/#organization\",\"name\":\"COEMMO\",\"alternateName\":\"COEMMO Packaging\",\"url\":\"https:\\\/\\\/www.coemmo.com\\\/fr\\\/\",\"logo\":{\"@type\":\"ImageObject\",\"inLanguage\":\"fr-FR\",\"@id\":\"https:\\\/\\\/www.coemmo.com\\\/fr\\\/#\\\/schema\\\/logo\\\/image\\\/\",\"url\":\"https:\\\/\\\/www.coemmo.com\\\/wp-content\\\/uploads\\\/2025\\\/06\\\/favicon.png\",\"contentUrl\":\"https:\\\/\\\/www.coemmo.com\\\/wp-content\\\/uploads\\\/2025\\\/06\\\/favicon.png\",\"width\":512,\"height\":512,\"caption\":\"COEMMO\"},\"image\":{\"@id\":\"https:\\\/\\\/www.coemmo.com\\\/fr\\\/#\\\/schema\\\/logo\\\/image\\\/\"},\"sameAs\":[\"https:\\\/\\\/www.linkedin.com\\\/company\\\/coemmo?originalSubdomain=es\"]}]}<\/script>\n<!-- \/ Yoast SEO plugin. -->","yoast_head_json":{"title":"Sac biod\u00e9gradable | COEMMO","description":"Sac biod\u00e9gradable r\u00e9sistant et \u00e9cologique, id\u00e9al pour un usage commercial et domestique. Alternative durable pour r\u00e9duire l\u2019impact environnemental.","robots":{"index":"index","follow":"follow","max-snippet":"max-snippet:-1","max-image-preview":"max-image-preview:large","max-video-preview":"max-video-preview:-1"},"canonical":"https:\/\/www.coemmo.com\/fr\/produit\/sac-biodegradable\/","og_locale":"fr_FR","og_type":"article","og_title":"Sac biod\u00e9gradable | COEMMO","og_description":"Sac biod\u00e9gradable r\u00e9sistant et \u00e9cologique, id\u00e9al pour un usage commercial et domestique. Alternative durable pour r\u00e9duire l\u2019impact environnemental.","og_url":"https:\/\/www.coemmo.com\/fr\/produit\/sac-biodegradable\/","og_site_name":"COEMMO","article_modified_time":"2026-03-05T07:54:45+00:00","og_image":[{"width":1536,"height":1024,"url":"https:\/\/www.coemmo.com\/wp-content\/uploads\/2025\/12\/bolsa-biodegradable.jpg","type":"image\/jpeg"}],"twitter_card":"summary_large_image","schema":{"@context":"https:\/\/schema.org","@graph":[{"@type":"WebPage","@id":"https:\/\/www.coemmo.com\/fr\/produit\/sac-biodegradable\/","url":"https:\/\/www.coemmo.com\/fr\/produit\/sac-biodegradable\/","name":"Sac biod\u00e9gradable | COEMMO","isPartOf":{"@id":"https:\/\/www.coemmo.com\/fr\/#website"},"primaryImageOfPage":{"@id":"https:\/\/www.coemmo.com\/fr\/produit\/sac-biodegradable\/#primaryimage"},"image":{"@id":"https:\/\/www.coemmo.com\/fr\/produit\/sac-biodegradable\/#primaryimage"},"thumbnailUrl":"https:\/\/www.coemmo.com\/wp-content\/uploads\/2025\/12\/bolsa-biodegradable.jpg","datePublished":"2025-12-02T15:32:12+00:00","dateModified":"2026-03-05T07:54:45+00:00","description":"Sac biod\u00e9gradable r\u00e9sistant et \u00e9cologique, id\u00e9al pour un usage commercial et domestique. Alternative durable pour r\u00e9duire l\u2019impact environnemental.","breadcrumb":{"@id":"https:\/\/www.coemmo.com\/fr\/produit\/sac-biodegradable\/#breadcrumb"},"inLanguage":"fr-FR","potentialAction":[{"@type":"ReadAction","target":["https:\/\/www.coemmo.com\/fr\/produit\/sac-biodegradable\/"]}]},{"@type":"ImageObject","inLanguage":"fr-FR","@id":"https:\/\/www.coemmo.com\/fr\/produit\/sac-biodegradable\/#primaryimage","url":"https:\/\/www.coemmo.com\/wp-content\/uploads\/2025\/12\/bolsa-biodegradable.jpg","contentUrl":"https:\/\/www.coemmo.com\/wp-content\/uploads\/2025\/12\/bolsa-biodegradable.jpg","width":1536,"height":1024,"caption":"Sac biod\u00e9gradable et compostable pour usage alimentaire."},{"@type":"BreadcrumbList","@id":"https:\/\/www.coemmo.com\/fr\/produit\/sac-biodegradable\/#breadcrumb","itemListElement":[{"@type":"ListItem","position":1,"name":"Portada","item":"https:\/\/www.coemmo.com\/fr\/accueil\/"},{"@type":"ListItem","position":2,"name":"Sac biod\u00e9gradable"}]},{"@type":"WebSite","@id":"https:\/\/www.coemmo.com\/fr\/#website","url":"https:\/\/www.coemmo.com\/fr\/","name":"COEMMO","description":"Fabricamos soluciones de embalaje","publisher":{"@id":"https:\/\/www.coemmo.com\/fr\/#organization"},"alternateName":"COEMMO Packaging","potentialAction":[{"@type":"SearchAction","target":{"@type":"EntryPoint","urlTemplate":"https:\/\/www.coemmo.com\/fr\/?s={search_term_string}"},"query-input":{"@type":"PropertyValueSpecification","valueRequired":true,"valueName":"search_term_string"}}],"inLanguage":"fr-FR"},{"@type":"Organization","@id":"https:\/\/www.coemmo.com\/fr\/#organization","name":"COEMMO","alternateName":"COEMMO Packaging","url":"https:\/\/www.coemmo.com\/fr\/","logo":{"@type":"ImageObject","inLanguage":"fr-FR","@id":"https:\/\/www.coemmo.com\/fr\/#\/schema\/logo\/image\/","url":"https:\/\/www.coemmo.com\/wp-content\/uploads\/2025\/06\/favicon.png","contentUrl":"https:\/\/www.coemmo.com\/wp-content\/uploads\/2025\/06\/favicon.png","width":512,"height":512,"caption":"COEMMO"},"image":{"@id":"https:\/\/www.coemmo.com\/fr\/#\/schema\/logo\/image\/"},"sameAs":["https:\/\/www.linkedin.com\/company\/coemmo?originalSubdomain=es"]}]}},"_links":{"self":[{"href":"https:\/\/www.coemmo.com\/fr\/wp-json\/wp\/v2\/producto\/8249","targetHints":{"allow":["GET"]}}],"collection":[{"href":"https:\/\/www.coemmo.com\/fr\/wp-json\/wp\/v2\/producto"}],"about":[{"href":"https:\/\/www.coemmo.com\/fr\/wp-json\/wp\/v2\/types\/producto"}],"wp:featuredmedia":[{"embeddable":true,"href":"https:\/\/www.coemmo.com\/fr\/wp-json\/wp\/v2\/media\/8250"}],"wp:attachment":[{"href":"https:\/\/www.coemmo.com\/fr\/wp-json\/wp\/v2\/media?parent=8249"}],"wp:term":[{"taxonomy":"sector","embeddable":true,"href":"https:\/\/www.coemmo.com\/fr\/wp-json\/wp\/v2\/sector?post=8249"},{"taxonomy":"tipo-de-caracteristica","embeddable":true,"href":"https:\/\/www.coemmo.com\/fr\/wp-json\/wp\/v2\/tipo-de-caracteristica?post=8249"},{"taxonomy":"tipo-de-material","embeddable":true,"href":"https:\/\/www.coemmo.com\/fr\/wp-json\/wp\/v2\/tipo-de-material?post=8249"},{"taxonomy":"tipo-de-producto","embeddable":true,"href":"https:\/\/www.coemmo.com\/fr\/wp-json\/wp\/v2\/tipo-de-producto?post=8249"}],"curies":[{"name":"wp","href":"https:\/\/api.w.org\/{rel}","templated":true}]}}

Sac biodégradable

<!-- This site is optimized with the Yoast SEO plugin v27.4 - https://yoast.com/product/yoast-seo-wordpress/ -->
<title>Sac biodégradable | COEMMO</title>
<meta name="description" content="Sac biodégradable résistant et écologique, idéal pour un usage commercial et domestique. Alternative durable pour réduire l’impact environnemental." />
<meta name="robots" content="index, follow, max-snippet:-1, max-image-preview:large, max-video-preview:-1" />
<link rel="canonical" href="https://www.coemmo.com/fr/produit/sac-biodegradable/" />
<meta property="og:locale" content="fr_FR" />
<meta property="og:type" content="article" />
<meta property="og:title" content="Sac biodégradable | COEMMO" />
<meta property="og:description" content="Sac biodégradable résistant et écologique, idéal pour un usage commercial et domestique. Alternative durable pour réduire l’impact environnemental." />
<meta property="og:url" content="https://www.coemmo.com/fr/produit/sac-biodegradable/" />
<meta property="og:site_name" content="COEMMO" />
<meta property="article:modified_time" content="2026-03-05T07:54:45+00:00" />
<meta property="og:image" content="https://www.coemmo.com/wp-content/uploads/2025/12/bolsa-biodegradable.jpg" />
	<meta property="og:image:width" content="1536" />
	<meta property="og:image:height" content="1024" />
	<meta property="og:image:type" content="image/jpeg" />
<meta name="twitter:card" content="summary_large_image" />
<script type="application/ld+json" class="yoast-schema-graph">{"@context":"https:\/\/schema.org","@graph":[{"@type":"WebPage","@id":"https:\/\/www.coemmo.com\/fr\/produit\/sac-biodegradable\/","url":"https:\/\/www.coemmo.com\/fr\/produit\/sac-biodegradable\/","name":"Sac biodégradable | COEMMO","isPartOf":{"@id":"https:\/\/www.coemmo.com\/fr\/#website"},"primaryImageOfPage":{"@id":"https:\/\/www.coemmo.com\/fr\/produit\/sac-biodegradable\/#primaryimage"},"image":{"@id":"https:\/\/www.coemmo.com\/fr\/produit\/sac-biodegradable\/#primaryimage"},"thumbnailUrl":"https:\/\/www.coemmo.com\/wp-content\/uploads\/2025\/12\/bolsa-biodegradable.jpg","datePublished":"2025-12-02T15:32:12+00:00","dateModified":"2026-03-05T07:54:45+00:00","description":"Sac biodégradable résistant et écologique, idéal pour un usage commercial et domestique. Alternative durable pour réduire l’impact environnemental.","breadcrumb":{"@id":"https:\/\/www.coemmo.com\/fr\/produit\/sac-biodegradable\/#breadcrumb"},"inLanguage":"fr-FR","potentialAction":[{"@type":"ReadAction","target":["https:\/\/www.coemmo.com\/fr\/produit\/sac-biodegradable\/"]}]},{"@type":"ImageObject","inLanguage":"fr-FR","@id":"https:\/\/www.coemmo.com\/fr\/produit\/sac-biodegradable\/#primaryimage","url":"https:\/\/www.coemmo.com\/wp-content\/uploads\/2025\/12\/bolsa-biodegradable.jpg","contentUrl":"https:\/\/www.coemmo.com\/wp-content\/uploads\/2025\/12\/bolsa-biodegradable.jpg","width":1536,"height":1024,"caption":"Sac biodégradable et compostable pour usage alimentaire."},{"@type":"BreadcrumbList","@id":"https:\/\/www.coemmo.com\/fr\/produit\/sac-biodegradable\/#breadcrumb","itemListElement":[{"@type":"ListItem","position":1,"name":"Portada","item":"https:\/\/www.coemmo.com\/fr\/accueil\/"},{"@type":"ListItem","position":2,"name":"Sac biodégradable"}]},{"@type":"WebSite","@id":"https:\/\/www.coemmo.com\/fr\/#website","url":"https:\/\/www.coemmo.com\/fr\/","name":"COEMMO","description":"Fabricamos soluciones de embalaje","publisher":{"@id":"https:\/\/www.coemmo.com\/fr\/#organization"},"alternateName":"COEMMO Packaging","potentialAction":[{"@type":"SearchAction","target":{"@type":"EntryPoint","urlTemplate":"https:\/\/www.coemmo.com\/fr\/?s={search_term_string}"},"query-input":{"@type":"PropertyValueSpecification","valueRequired":true,"valueName":"search_term_string"}}],"inLanguage":"fr-FR"},{"@type":"Organization","@id":"https:\/\/www.coemmo.com\/fr\/#organization","name":"COEMMO","alternateName":"COEMMO Packaging","url":"https:\/\/www.coemmo.com\/fr\/","logo":{"@type":"ImageObject","inLanguage":"fr-FR","@id":"https:\/\/www.coemmo.com\/fr\/#\/schema\/logo\/image\/","url":"https:\/\/www.coemmo.com\/wp-content\/uploads\/2025\/06\/favicon.png","contentUrl":"https:\/\/www.coemmo.com\/wp-content\/uploads\/2025\/06\/favicon.png","width":512,"height":512,"caption":"COEMMO"},"image":{"@id":"https:\/\/www.coemmo.com\/fr\/#\/schema\/logo\/image\/"},"sameAs":["https:\/\/www.linkedin.com\/company\/coemmo?originalSubdomain=es"]}]}</script>
<!-- / Yoast SEO plugin. -->

Sac biodégradable | COEMMO

Sac biodégradable résistant et écologique, idéal pour un usage commercial et domestique. Alternative durable pour réduire l’impact environnemental.

Sac biodégradable et compostable pour usage alimentaire.
