{"id":8584,"date":"2025-11-03T09:54:29","date_gmt":"2025-11-03T08:54:29","guid":{"rendered":"https:\/\/www.coemmo.com\/producto\/cantonera-de-cartro-rigid\/"},"modified":"2025-11-03T09:54:29","modified_gmt":"2025-11-03T08:54:29","slug":"cantonera-de-cartro-rigid","status":"publish","type":"producto","link":"https:\/\/www.coemmo.com\/ca\/producte\/cantonera-de-cartro-rigid\/","title":{"rendered":"Cantonera de cartr\u00f3 r\u00edgid"},"featured_media":8585,"parent":0,"template":"","meta":{"_acf_changed":false,"neve_meta_sidebar":"","neve_meta_container":"","neve_meta_enable_content_width":"","neve_meta_content_width":0,"neve_meta_title_alignment":"","neve_meta_author_avatar":"","neve_post_elements_order":"","neve_meta_disable_header":"","neve_meta_disable_footer":"","neve_meta_disable_title":""},"sector":[],"tipo-de-caracteristica":[167],"tipo-de-material":[130],"tipo-de-producto":[158,157],"class_list":["post-8584","producto","type-producto","status-publish","has-post-thumbnail","hentry","tipo-de-caracteristica-sostenibles","tipo-de-material-cartro-i-paper","tipo-de-producto-paletitzat","tipo-de-producto-paletitzat-etiquetatge"],"acf":[],"yoast_head":"<!-- This site is optimized with the Yoast SEO plugin v27.4 - https:\/\/yoast.com\/product\/yoast-seo-wordpress\/ -->\n<title>Cantonera de cartr\u00f3 r\u00edgid | COEMMO<\/title>\n<meta name=\"description\" content=\"Cantonera de cartr\u00f3 r\u00edgid per protegir cantonades i estabilitzar c\u00e0rregues en transport i emmagatzematge. Resistent i reciclable.\" \/>\n<meta name=\"robots\" content=\"index, follow, max-snippet:-1, max-image-preview:large, max-video-preview:-1\" \/>\n<link rel=\"canonical\" href=\"https:\/\/www.coemmo.com\/ca\/producte\/cantonera-de-cartro-rigid\/\" \/>\n<meta property=\"og:locale\" content=\"ca_ES\" \/>\n<meta property=\"og:type\" content=\"article\" \/>\n<meta property=\"og:title\" content=\"Cantonera de cartr\u00f3 r\u00edgid | COEMMO\" \/>\n<meta property=\"og:description\" content=\"Cantonera de cartr\u00f3 r\u00edgid per protegir cantonades i estabilitzar c\u00e0rregues en transport i emmagatzematge. Resistent i reciclable.\" \/>\n<meta property=\"og:url\" content=\"https:\/\/www.coemmo.com\/ca\/producte\/cantonera-de-cartro-rigid\/\" \/>\n<meta property=\"og:site_name\" content=\"COEMMO\" \/>\n<meta property=\"og:image\" content=\"https:\/\/www.coemmo.com\/wp-content\/uploads\/2025\/11\/cantonera-carton-rigido.webp\" \/>\n\t<meta property=\"og:image:width\" content=\"1000\" \/>\n\t<meta property=\"og:image:height\" content=\"1000\" \/>\n\t<meta property=\"og:image:type\" content=\"image\/webp\" \/>\n<meta name=\"twitter:card\" content=\"summary_large_image\" \/>\n<script type=\"application\/ld+json\" class=\"yoast-schema-graph\">{\"@context\":\"https:\\\/\\\/schema.org\",\"@graph\":[{\"@type\":\"WebPage\",\"@id\":\"https:\\\/\\\/www.coemmo.com\\\/ca\\\/producte\\\/cantonera-de-cartro-rigid\\\/\",\"url\":\"https:\\\/\\\/www.coemmo.com\\\/ca\\\/producte\\\/cantonera-de-cartro-rigid\\\/\",\"name\":\"Cantonera de cartr\u00f3 r\u00edgid | COEMMO\",\"isPartOf\":{\"@id\":\"https:\\\/\\\/www.coemmo.com\\\/ca\\\/#website\"},\"primaryImageOfPage\":{\"@id\":\"https:\\\/\\\/www.coemmo.com\\\/ca\\\/producte\\\/cantonera-de-cartro-rigid\\\/#primaryimage\"},\"image\":{\"@id\":\"https:\\\/\\\/www.coemmo.com\\\/ca\\\/producte\\\/cantonera-de-cartro-rigid\\\/#primaryimage\"},\"thumbnailUrl\":\"https:\\\/\\\/www.coemmo.com\\\/wp-content\\\/uploads\\\/2025\\\/11\\\/cantonera-carton-rigido.webp\",\"datePublished\":\"2025-11-03T08:54:29+00:00\",\"description\":\"Cantonera de cartr\u00f3 r\u00edgid per protegir cantonades i estabilitzar c\u00e0rregues en transport i emmagatzematge. Resistent i reciclable.\",\"breadcrumb\":{\"@id\":\"https:\\\/\\\/www.coemmo.com\\\/ca\\\/producte\\\/cantonera-de-cartro-rigid\\\/#breadcrumb\"},\"inLanguage\":\"ca\",\"potentialAction\":[{\"@type\":\"ReadAction\",\"target\":[\"https:\\\/\\\/www.coemmo.com\\\/ca\\\/producte\\\/cantonera-de-cartro-rigid\\\/\"]}]},{\"@type\":\"ImageObject\",\"inLanguage\":\"ca\",\"@id\":\"https:\\\/\\\/www.coemmo.com\\\/ca\\\/producte\\\/cantonera-de-cartro-rigid\\\/#primaryimage\",\"url\":\"https:\\\/\\\/www.coemmo.com\\\/wp-content\\\/uploads\\\/2025\\\/11\\\/cantonera-carton-rigido.webp\",\"contentUrl\":\"https:\\\/\\\/www.coemmo.com\\\/wp-content\\\/uploads\\\/2025\\\/11\\\/cantonera-carton-rigido.webp\",\"width\":1000,\"height\":1000,\"caption\":\"Cantonera de cartr\u00f3 r\u00edgid per refor\u00e7ar i protegir caixes paletitzades durant el transport.\"},{\"@type\":\"BreadcrumbList\",\"@id\":\"https:\\\/\\\/www.coemmo.com\\\/ca\\\/producte\\\/cantonera-de-cartro-rigid\\\/#breadcrumb\",\"itemListElement\":[{\"@type\":\"ListItem\",\"position\":1,\"name\":\"Portada\",\"item\":\"https:\\\/\\\/www.coemmo.com\\\/ca\\\/\"},{\"@type\":\"ListItem\",\"position\":2,\"name\":\"Cantonera de cartr\u00f3 r\u00edgid\"}]},{\"@type\":\"WebSite\",\"@id\":\"https:\\\/\\\/www.coemmo.com\\\/ca\\\/#website\",\"url\":\"https:\\\/\\\/www.coemmo.com\\\/ca\\\/\",\"name\":\"COEMMO\",\"description\":\"Fabricamos soluciones de embalaje\",\"publisher\":{\"@id\":\"https:\\\/\\\/www.coemmo.com\\\/ca\\\/#organization\"},\"alternateName\":\"COEMMO Packaging\",\"potentialAction\":[{\"@type\":\"SearchAction\",\"target\":{\"@type\":\"EntryPoint\",\"urlTemplate\":\"https:\\\/\\\/www.coemmo.com\\\/ca\\\/?s={search_term_string}\"},\"query-input\":{\"@type\":\"PropertyValueSpecification\",\"valueRequired\":true,\"valueName\":\"search_term_string\"}}],\"inLanguage\":\"ca\"},{\"@type\":\"Organization\",\"@id\":\"https:\\\/\\\/www.coemmo.com\\\/ca\\\/#organization\",\"name\":\"COEMMO\",\"alternateName\":\"COEMMO Packaging\",\"url\":\"https:\\\/\\\/www.coemmo.com\\\/ca\\\/\",\"logo\":{\"@type\":\"ImageObject\",\"inLanguage\":\"ca\",\"@id\":\"https:\\\/\\\/www.coemmo.com\\\/ca\\\/#\\\/schema\\\/logo\\\/image\\\/\",\"url\":\"https:\\\/\\\/www.coemmo.com\\\/wp-content\\\/uploads\\\/2025\\\/06\\\/favicon.png\",\"contentUrl\":\"https:\\\/\\\/www.coemmo.com\\\/wp-content\\\/uploads\\\/2025\\\/06\\\/favicon.png\",\"width\":512,\"height\":512,\"caption\":\"COEMMO\"},\"image\":{\"@id\":\"https:\\\/\\\/www.coemmo.com\\\/ca\\\/#\\\/schema\\\/logo\\\/image\\\/\"},\"sameAs\":[\"https:\\\/\\\/www.linkedin.com\\\/company\\\/coemmo?originalSubdomain=es\"]}]}<\/script>\n<!-- \/ Yoast SEO plugin. -->","yoast_head_json":{"title":"Cantonera de cartr\u00f3 r\u00edgid | COEMMO","description":"Cantonera de cartr\u00f3 r\u00edgid per protegir cantonades i estabilitzar c\u00e0rregues en transport i emmagatzematge. Resistent i reciclable.","robots":{"index":"index","follow":"follow","max-snippet":"max-snippet:-1","max-image-preview":"max-image-preview:large","max-video-preview":"max-video-preview:-1"},"canonical":"https:\/\/www.coemmo.com\/ca\/producte\/cantonera-de-cartro-rigid\/","og_locale":"ca_ES","og_type":"article","og_title":"Cantonera de cartr\u00f3 r\u00edgid | COEMMO","og_description":"Cantonera de cartr\u00f3 r\u00edgid per protegir cantonades i estabilitzar c\u00e0rregues en transport i emmagatzematge. Resistent i reciclable.","og_url":"https:\/\/www.coemmo.com\/ca\/producte\/cantonera-de-cartro-rigid\/","og_site_name":"COEMMO","og_image":[{"width":1000,"height":1000,"url":"https:\/\/www.coemmo.com\/wp-content\/uploads\/2025\/11\/cantonera-carton-rigido.webp","type":"image\/webp"}],"twitter_card":"summary_large_image","schema":{"@context":"https:\/\/schema.org","@graph":[{"@type":"WebPage","@id":"https:\/\/www.coemmo.com\/ca\/producte\/cantonera-de-cartro-rigid\/","url":"https:\/\/www.coemmo.com\/ca\/producte\/cantonera-de-cartro-rigid\/","name":"Cantonera de cartr\u00f3 r\u00edgid | COEMMO","isPartOf":{"@id":"https:\/\/www.coemmo.com\/ca\/#website"},"primaryImageOfPage":{"@id":"https:\/\/www.coemmo.com\/ca\/producte\/cantonera-de-cartro-rigid\/#primaryimage"},"image":{"@id":"https:\/\/www.coemmo.com\/ca\/producte\/cantonera-de-cartro-rigid\/#primaryimage"},"thumbnailUrl":"https:\/\/www.coemmo.com\/wp-content\/uploads\/2025\/11\/cantonera-carton-rigido.webp","datePublished":"2025-11-03T08:54:29+00:00","description":"Cantonera de cartr\u00f3 r\u00edgid per protegir cantonades i estabilitzar c\u00e0rregues en transport i emmagatzematge. Resistent i reciclable.","breadcrumb":{"@id":"https:\/\/www.coemmo.com\/ca\/producte\/cantonera-de-cartro-rigid\/#breadcrumb"},"inLanguage":"ca","potentialAction":[{"@type":"ReadAction","target":["https:\/\/www.coemmo.com\/ca\/producte\/cantonera-de-cartro-rigid\/"]}]},{"@type":"ImageObject","inLanguage":"ca","@id":"https:\/\/www.coemmo.com\/ca\/producte\/cantonera-de-cartro-rigid\/#primaryimage","url":"https:\/\/www.coemmo.com\/wp-content\/uploads\/2025\/11\/cantonera-carton-rigido.webp","contentUrl":"https:\/\/www.coemmo.com\/wp-content\/uploads\/2025\/11\/cantonera-carton-rigido.webp","width":1000,"height":1000,"caption":"Cantonera de cartr\u00f3 r\u00edgid per refor\u00e7ar i protegir caixes paletitzades durant el transport."},{"@type":"BreadcrumbList","@id":"https:\/\/www.coemmo.com\/ca\/producte\/cantonera-de-cartro-rigid\/#breadcrumb","itemListElement":[{"@type":"ListItem","position":1,"name":"Portada","item":"https:\/\/www.coemmo.com\/ca\/"},{"@type":"ListItem","position":2,"name":"Cantonera de cartr\u00f3 r\u00edgid"}]},{"@type":"WebSite","@id":"https:\/\/www.coemmo.com\/ca\/#website","url":"https:\/\/www.coemmo.com\/ca\/","name":"COEMMO","description":"Fabricamos soluciones de embalaje","publisher":{"@id":"https:\/\/www.coemmo.com\/ca\/#organization"},"alternateName":"COEMMO Packaging","potentialAction":[{"@type":"SearchAction","target":{"@type":"EntryPoint","urlTemplate":"https:\/\/www.coemmo.com\/ca\/?s={search_term_string}"},"query-input":{"@type":"PropertyValueSpecification","valueRequired":true,"valueName":"search_term_string"}}],"inLanguage":"ca"},{"@type":"Organization","@id":"https:\/\/www.coemmo.com\/ca\/#organization","name":"COEMMO","alternateName":"COEMMO Packaging","url":"https:\/\/www.coemmo.com\/ca\/","logo":{"@type":"ImageObject","inLanguage":"ca","@id":"https:\/\/www.coemmo.com\/ca\/#\/schema\/logo\/image\/","url":"https:\/\/www.coemmo.com\/wp-content\/uploads\/2025\/06\/favicon.png","contentUrl":"https:\/\/www.coemmo.com\/wp-content\/uploads\/2025\/06\/favicon.png","width":512,"height":512,"caption":"COEMMO"},"image":{"@id":"https:\/\/www.coemmo.com\/ca\/#\/schema\/logo\/image\/"},"sameAs":["https:\/\/www.linkedin.com\/company\/coemmo?originalSubdomain=es"]}]}},"_links":{"self":[{"href":"https:\/\/www.coemmo.com\/ca\/wp-json\/wp\/v2\/producto\/8584","targetHints":{"allow":["GET"]}}],"collection":[{"href":"https:\/\/www.coemmo.com\/ca\/wp-json\/wp\/v2\/producto"}],"about":[{"href":"https:\/\/www.coemmo.com\/ca\/wp-json\/wp\/v2\/types\/producto"}],"wp:featuredmedia":[{"embeddable":true,"href":"https:\/\/www.coemmo.com\/ca\/wp-json\/wp\/v2\/media\/8585"}],"wp:attachment":[{"href":"https:\/\/www.coemmo.com\/ca\/wp-json\/wp\/v2\/media?parent=8584"}],"wp:term":[{"taxonomy":"sector","embeddable":true,"href":"https:\/\/www.coemmo.com\/ca\/wp-json\/wp\/v2\/sector?post=8584"},{"taxonomy":"tipo-de-caracteristica","embeddable":true,"href":"https:\/\/www.coemmo.com\/ca\/wp-json\/wp\/v2\/tipo-de-caracteristica?post=8584"},{"taxonomy":"tipo-de-material","embeddable":true,"href":"https:\/\/www.coemmo.com\/ca\/wp-json\/wp\/v2\/tipo-de-material?post=8584"},{"taxonomy":"tipo-de-producto","embeddable":true,"href":"https:\/\/www.coemmo.com\/ca\/wp-json\/wp\/v2\/tipo-de-producto?post=8584"}],"curies":[{"name":"wp","href":"https:\/\/api.w.org\/{rel}","templated":true}]}}

Cantonera de cartró rígid

<!-- This site is optimized with the Yoast SEO plugin v27.4 - https://yoast.com/product/yoast-seo-wordpress/ -->
<title>Cantonera de cartró rígid | COEMMO</title>
<meta name="description" content="Cantonera de cartró rígid per protegir cantonades i estabilitzar càrregues en transport i emmagatzematge. Resistent i reciclable." />
<meta name="robots" content="index, follow, max-snippet:-1, max-image-preview:large, max-video-preview:-1" />
<link rel="canonical" href="https://www.coemmo.com/ca/producte/cantonera-de-cartro-rigid/" />
<meta property="og:locale" content="ca_ES" />
<meta property="og:type" content="article" />
<meta property="og:title" content="Cantonera de cartró rígid | COEMMO" />
<meta property="og:description" content="Cantonera de cartró rígid per protegir cantonades i estabilitzar càrregues en transport i emmagatzematge. Resistent i reciclable." />
<meta property="og:url" content="https://www.coemmo.com/ca/producte/cantonera-de-cartro-rigid/" />
<meta property="og:site_name" content="COEMMO" />
<meta property="og:image" content="https://www.coemmo.com/wp-content/uploads/2025/11/cantonera-carton-rigido.webp" />
	<meta property="og:image:width" content="1000" />
	<meta property="og:image:height" content="1000" />
	<meta property="og:image:type" content="image/webp" />
<meta name="twitter:card" content="summary_large_image" />
<script type="application/ld+json" class="yoast-schema-graph">{"@context":"https:\/\/schema.org","@graph":[{"@type":"WebPage","@id":"https:\/\/www.coemmo.com\/ca\/producte\/cantonera-de-cartro-rigid\/","url":"https:\/\/www.coemmo.com\/ca\/producte\/cantonera-de-cartro-rigid\/","name":"Cantonera de cartró rígid | COEMMO","isPartOf":{"@id":"https:\/\/www.coemmo.com\/ca\/#website"},"primaryImageOfPage":{"@id":"https:\/\/www.coemmo.com\/ca\/producte\/cantonera-de-cartro-rigid\/#primaryimage"},"image":{"@id":"https:\/\/www.coemmo.com\/ca\/producte\/cantonera-de-cartro-rigid\/#primaryimage"},"thumbnailUrl":"https:\/\/www.coemmo.com\/wp-content\/uploads\/2025\/11\/cantonera-carton-rigido.webp","datePublished":"2025-11-03T08:54:29+00:00","description":"Cantonera de cartró rígid per protegir cantonades i estabilitzar càrregues en transport i emmagatzematge. Resistent i reciclable.","breadcrumb":{"@id":"https:\/\/www.coemmo.com\/ca\/producte\/cantonera-de-cartro-rigid\/#breadcrumb"},"inLanguage":"ca","potentialAction":[{"@type":"ReadAction","target":["https:\/\/www.coemmo.com\/ca\/producte\/cantonera-de-cartro-rigid\/"]}]},{"@type":"ImageObject","inLanguage":"ca","@id":"https:\/\/www.coemmo.com\/ca\/producte\/cantonera-de-cartro-rigid\/#primaryimage","url":"https:\/\/www.coemmo.com\/wp-content\/uploads\/2025\/11\/cantonera-carton-rigido.webp","contentUrl":"https:\/\/www.coemmo.com\/wp-content\/uploads\/2025\/11\/cantonera-carton-rigido.webp","width":1000,"height":1000,"caption":"Cantonera de cartró rígid per reforçar i protegir caixes paletitzades durant el transport."},{"@type":"BreadcrumbList","@id":"https:\/\/www.coemmo.com\/ca\/producte\/cantonera-de-cartro-rigid\/#breadcrumb","itemListElement":[{"@type":"ListItem","position":1,"name":"Portada","item":"https:\/\/www.coemmo.com\/ca\/"},{"@type":"ListItem","position":2,"name":"Cantonera de cartró rígid"}]},{"@type":"WebSite","@id":"https:\/\/www.coemmo.com\/ca\/#website","url":"https:\/\/www.coemmo.com\/ca\/","name":"COEMMO","description":"Fabricamos soluciones de embalaje","publisher":{"@id":"https:\/\/www.coemmo.com\/ca\/#organization"},"alternateName":"COEMMO Packaging","potentialAction":[{"@type":"SearchAction","target":{"@type":"EntryPoint","urlTemplate":"https:\/\/www.coemmo.com\/ca\/?s={search_term_string}"},"query-input":{"@type":"PropertyValueSpecification","valueRequired":true,"valueName":"search_term_string"}}],"inLanguage":"ca"},{"@type":"Organization","@id":"https:\/\/www.coemmo.com\/ca\/#organization","name":"COEMMO","alternateName":"COEMMO Packaging","url":"https:\/\/www.coemmo.com\/ca\/","logo":{"@type":"ImageObject","inLanguage":"ca","@id":"https:\/\/www.coemmo.com\/ca\/#\/schema\/logo\/image\/","url":"https:\/\/www.coemmo.com\/wp-content\/uploads\/2025\/06\/favicon.png","contentUrl":"https:\/\/www.coemmo.com\/wp-content\/uploads\/2025\/06\/favicon.png","width":512,"height":512,"caption":"COEMMO"},"image":{"@id":"https:\/\/www.coemmo.com\/ca\/#\/schema\/logo\/image\/"},"sameAs":["https:\/\/www.linkedin.com\/company\/coemmo?originalSubdomain=es"]}]}</script>
<!-- / Yoast SEO plugin. -->

Cantonera de cartró rígid | COEMMO

Cantonera de cartró rígid per protegir cantonades i estabilitzar càrregues en transport i emmagatzematge. Resistent i reciclable.

Cantonera de cartró rígid per reforçar i protegir caixes paletitzades durant el transport.
